. What is the highest common divisor of 210 and j?
210
Let f be (-7432)/(-22) - (-52)/286. Suppose -2*d = 2*k - f, 0*k - k = 4*d - 172. Calculate the highest common divisor of 126 and k.
42
Let w be ((-3 - -9)/6)/((-1)/(-29)). Let d = w + -19. Suppose -4 = d*x - 11*x. Calculate the highest common factor of x and 3.
1
Let d(j) = -8*j - 64. Let q be d(-20). Let v = -85 + q. Suppose 6*f - f + 148 = g, -5*g = -2*f - 717. Calculate the greatest common divisor of g and v.
11
Let k = -1057 - -507. Let z = -481 - k. What is the greatest common divisor of z and 115?
23
Let h(q) = 19*q**2 - 116*q + 534. Let l be h(5). Let a be (-1848)/(-30) - (-2)/5. Suppose 16 = 2*v - a. Calculate the greatest common factor of l and v.
39
Suppose -25*q + 52239 + 237102 - 28291 = 0. What is the highest common factor of q and 46?
46
Let f = 96463 + -96425. Let d be (-1 - (-108)/1) + 1. Let q = -13 + d. Calculate the highest common divisor of f and q.
19
Let h(b) = b**3 + 29*b**2 - 19*b + 14. Let i be h(-30). Let u = i - -488. Calculate the highest common factor of u and 301.
43
Suppose 2*r + 1981 + 107 = 2*q, 0 = 4*q + r - 4196. Calculate the highest common divisor of 655 and q.
131
Let x(v) = -v**3 + 23*v**2 - 47*v + 265. Let a be x(21). Calculate the highest common factor of 45 and a.
5
Let b(t) = -t**3 + 14*t**2 - 22*t - 21. Let d be b(12). Let m(i) = 12 - 20 - 11 + 68*i. Let u be m(d). Calculate the greatest common factor of 37 and u.
37
Suppose t - 8 = 4*z, -z = -4*z + 2*t - 1. Let h be (2 + 6/z)/1. Suppose -2*d + 22 + 6 = h. Calculate the greatest common factor of d and 28.
14
Suppose -199*z - 10954 = -46774. Calculate the greatest common divisor of z and 972.
36
Let z(d) = -7*d**3 - 4*d**2 + 9*d + 4. Let n(r) = -r**2 - r + 38. Let y be n(6). Let t be z(y). What is the greatest common divisor of 11 and t?
11
Let v(b) = b**2 - 14*b + 17. Let c be v(24). Let l = -203 + c. What is the highest common factor of l and 3?
3
Let k(d) = 604*d**2 + 2406*d - 13. Let r be k(-4). Suppose -5*l + 1 + 0 = t, -2*l = 5*t - 5. What is the highest common divisor of t and r?
1
Suppose 0 = -13*b - 56 - 1608. Let t = -29 - b. What is the highest common factor of 3 and t?
3
Suppose -2*b = -2*j - 20, -3*j + 30 = 4*b - 2*j. Suppose b*t = 121 + 7. What is the greatest common divisor of t and 144?
16
Let n = 133 + -53. Suppose 285*k - 259*k - 260 = 0. Calculate the greatest common factor of k and n.
10
Let n be (-200)/(-6) - -8*(-4)/24. Suppose -2 = n*d - 66. What is the highest common divisor of 11 and d?
1
Let m = -43 - -142. Let b = m + -234. Let j be b/(-10) - (-3)/(-2). Calculate the greatest common factor of j and 84.
12
Suppose 0 = 5*a - 30, -2*f + 3*a - 3272 + 36214 = 0. Calculate the highest common divisor of 160 and f.
160
Suppose -5*o + 2110 = -o - 5*b, -2*o + b + 1052 = 0. Suppose 5*q = -18*a + 13*a + o, 194 = 2*a - 2*q. Calculate the highest common divisor of a and 1717.
101
Suppose 6*s + 2*w - 8 = 4*s, -w = -4*s + 6. Suppose 0*h - 78 = s*h. Let d be 13/(h/(-480)) + (1 - 1). What is the greatest common factor of d and 20?
20
Let g be -1*1 + 8/1. Let p = -213 - -276. Calculate the highest common factor of p and g.
7
Let l(i) = -11*i - 183. Let k be l(-32). Suppose -3*f = s - k, -4*f + 10*s - 13*s = -232. What is the highest common divisor of 143 and f?
11
Suppose 111*c - 3612 = 69*c. Calculate the greatest common divisor of c and 215.
43
Let c be (-5)/(-15) - (-447)/9. Let v(o) = 9*o**2 - o + 16. Let f = 38 + -31. Let d be v(f). Calculate the greatest common divisor of d and c.
50
Let w(n) = -4*n**2 + 76*n - 169. Let u be w(16). Calculate the greatest common factor of u and 13616.
23
Suppose 55 + 164 = -q + k, -4*k = 4*q + 900. Let f = 482 + q. What is the highest common factor of 20 and f?
20
Let t(q) = -q**2 - 9*q - 15. Let s = -179 - -173. Let l be t(s). Calculate the greatest common factor of 3 and l.
3
Let v be (-2)/(-4) - ((-127)/2 - 0). Let s = -59 + v. Suppose -s*i = 2*o + 1, -3*o + i + 34 = -7. Calculate the greatest common factor of 96 and o.
12
Let b be (-81)/(-6) - (-2)/(-4). Suppose -3*s = b + 2, 0 = 2*l - 5*s + 31. Let z = l - -41. Calculate the greatest common factor of z and 143.
13
Let c = 21329 + -17605. What is the highest common divisor of 380 and c?
76
Suppose 0 = -b - y + 34 - 1, 129 = 4*b + 5*y. Calculate the greatest common factor of 4416 and b.
12
Let r(l) = 5*l**2 + 34*l - 507. Let h be r(-25). What is the highest common divisor of 52 and h?
52
Let t(a) = -29*a - 27. Let z be t(-1). Let v be (z*(-10)/12)/((-32)/576). What is the highest common divisor of v and 30?
30
Let h = 481 + -385. Let z be 3 + -1 + (25 - 3). Calculate the highest common divisor of z and h.
24
Let r(v) = 2*v + 6. Let k be r(12). Let t be (-2)/(-4) + 5/(k/27). Suppose -t*z + 8 + 2 = 0. Calculate the greatest common factor of 22 and z.
2
Let a = -66 - -85. Let s = a + 358. What is the greatest common divisor of s and 29?
29
Let g = 11 + -6. Suppose 0 = 9*x - 11*x + 4*r - 988, 3*x + 1532 = -4*r. Let f = x - -505. Calculate the greatest common factor of g and f.
1
Let w(i) = -4*i**3 + 18*i**2 - 37*i + 134. Let o be w(4). Calculate the highest common divisor of o and 6498.
18
Let t(n) = -n + 3. Let x be t(0). Suppose -4*u = -x*u - 6. Suppose -228 + 6107 - 455 = 113*z. Calculate the highest common factor of u and z.
6
Let x be 35/(-14)*(-352)/20. Let s be (36/5)/(x/110). Let f be ((-24)/5)/(2/(-60)). What is the greatest common factor of f and s?
18
Suppose 42 = a + 8. Suppose 0 = 4*p - 2*k - a, -4 = -2*p + 4*k + 4. Calculate the highest common divisor of 40 and p.
10
Suppose 586 = 39*q - 272. Let u = 40 + 68. Suppose 0*k = -3*o - 4*k + 244, -u = -o + 4*k. What is the highest common factor of o and q?
22
Let z(d) = 2*d**2 - 12*d - 37. Let i be z(10). Suppose 0 = n + i - 333. Calculate the greatest common divisor of n and 10.
10
Let m = -171 - -94. Let u = m - -94. Suppose 1 = -4*s + u. Calculate the highest common factor of 10 and s.
2
Suppose 45*w = 28*w - 6630. Let k = 1157 + w. Calculate the highest common divisor of 59 and k.
59
Let r = 221 - 221. Suppose r = u - 11 - 7. Calculate the highest common factor of 774 and u.
18
Suppose -34 = 4*j + 422. Let a = 156 + j. What is the highest common divisor of 18 and a?
6
Let t be 4/10 - 108/(-5). Let m be (-1122)/(-21) + (-12)/28. Let s = m - t. What is the greatest common factor of 62 and s?
31
Let k(o) = -22*o + 5. Let m(v) = 10*v - 3. Let z(f) = -3*k(f) - 7*m(f). Let g be z(-16). What is the highest common factor of 14 and g?
14
Let y be (163/9 + (-16)/144)*(-722)/(-57). What is the highest common divisor of 437 and y?
19
Suppose -70*h + 90 = -55*h. Suppose 2*k = 6*n - 9*n + 18, 0 = n - 4*k - h. Let w be (-3)/(-3) + 4*2. Calculate the greatest common factor of w and n.
3
Let i = -8 - -26. Let o be 1/(4 - 1)*i. Let l be 656/28 - (-16)/28. What is the greatest common divisor of l and o?
6
Let b(q) = 4 + 0 + q - 6*q. Let r be b(-6). Let j = -29685 + 29855. What is the highest common factor of r and j?
34
Let g(v) = v**3 - 3*v**2 + 8*v - 12. Let x be g(2). Suppose -2*d - 4*c = -372, 2*c - 4*c + 10 = x. Calculate the greatest common factor of d and 44.
44
Suppose -18*p = s - 51, -65*p = 5*s - 68*p - 162. Calculate the highest common divisor of s and 3091.
11
Let q(a) = -109*a + 2018. Let x be q(14). Calculate the highest common factor of 132 and x.
12
Let j be 1/1 - (-6)/2. Let v(x) = 6*x**2 - 21*x + 23. Let d be v(8). Let k = 247 - d. Calculate the highest common divisor of j and k.
4
Suppose 12 = 4*l - 0. Let i be (4/l)/(10/(-15)). Let d be i/5 + 402/30. Calculate the greatest common factor of d and 143.
13
Let r be 1*22 + 6 + -1 + -2. Suppose -r = 4*h - 101. Let j = 41 - h. Calculate the highest common divisor of j and 88.
22
Let n(t) = 24*t - 1190. Let i be n(50). Calculate the highest common factor of i and 510.
10
Let s = 417 - 419. Let j be (-56)/21*((-3)/s + -3). Suppose 4 = t - 0*t. What is the highest common divisor of j and t?
4
Let g(k) = 4*k - 2 - 2*k**2 - 5*k + 12*k. Suppose -30 = 47*o - 53*o. Let a be g(o). Calculate the highest common divisor of 1 and a.
1
Suppose 207*s - 49248 = 126*s. What is the highest common divisor of s and 160?
32
Suppose -s + 2826 = a, -7*a - 6*s = -9*s - 19772. What is the highest common factor of a